ime factors of 10800?
2, 3, 5
List the prime factors of 17220.
2, 3, 5, 7, 41
What are the prime factors of 94?
2, 47
List the prime factors of 2420.
2, 5, 11
List the prime factors of 3630.
2, 3, 5, 11
What are the prime factors of 10124?
2, 2531
List the prime factors of 1028.
2, 257
What are the prime factors of 4107?
3, 37
List the prime factors of 653.
653
What are the prime factors of 1713?
3, 571
What are the prime factors of 7806?
2, 3, 1301
List the prime factors of 12609.
3, 467
List the prime factors of 114835.
5, 7, 17, 193
What are the prime factors of 11154?
2, 3, 11, 13
What are the prime factors of 7276?
2, 17, 107
List the prime factors of 10470.
2, 3, 5, 349
List the prime factors of 39850.
2, 5, 797
List the prime factors of 179459.
7, 31, 827
What are the prime factors of 6579?
3, 17, 43
What are the prime factors of 20928?
2, 3, 109
What are the prime factors of 112637?
7, 16091
What are the prime factors of 4765?
5, 953
List the prime factors of 669.
3, 223
List the prime factors of 57470.
2, 5, 7, 821
What are the prime factors of 26473?
23, 1151
List the prime factors of 762.
2, 3, 127
What are the prime factors of 24?
2, 3
What are the prime factors of 5509?
7, 787
What are the prime factors of 943?
23, 41
What are the prime factors of 1599?
3, 13, 41
What are the prime factors of 2830?
2, 5, 283
List the prime factors of 2325.
3, 5, 31
What are the prime factors of 595?
5, 7, 17
List the prime factors of 14867.
14867
List the prime factors of 7320.
2, 3, 5, 61
List the prime factors of 24029.
24029
What are the prime factors of 177?
3, 59
What are the prime factors of 48961?
11, 4451
What are the prime factors of 73837?
47, 1571
What are the prime factors of 125?
5
List the prime factors of 87893.
13, 6761
What are the prime factors of 3915?
3, 5, 29
What are the prime factors of 25119?
3, 2791
List the prime factors of 1065.
3, 5, 71
List the prime factors of 19908.
2, 3, 7, 79
List the prime factors of 47159.
7, 6737
What are the prime factors of 1320?
2, 3, 5, 11
What are the prime factors of 3822?
2, 3, 7, 13
List the prime factors of 9739.
9739
What are the prime factors of 2248?
2, 281
List the prime factors of 2938.
2, 13, 113
What are the prime factors of 7052?
2, 41, 43
List the prime factors of 3037.
3037
List the prime factors of 954.
2, 3, 53
List the prime factors of 122271.
3, 53, 769
List the prime factors of 1801.
1801
What are the prime factors of 945?
3, 5, 7
List the prime factors of 20623.
41, 503
What are the prime factors of 21332?
2, 5333
What are the prime factors of 8982?
2, 3, 499
What are the prime factors of 3195?
3, 5, 71
List the prime factors of 43699.
89, 491
List the prime factors of 957.
3, 11, 29
What are the prime factors of 834?
2, 3, 139
List the prime factors of 74569.
11, 6779
What are the prime factors of 5884?
2, 1471
What are the prime factors of 8155?
5, 7, 233
List the prime factors of 1588.
2, 397
What are the prime factors of 27447?
3, 7, 1307
List the prime factors of 51040.
2, 5, 11, 29
List the prime factors of 9379.
83, 113
List the prime factors of 30187.
30187
What are the prime factors of 3289?
11, 13, 23
List the prime factors of 20069.
7, 47, 61
List the prime factors of 3272.
2, 409
What are the prime factors of 6009?
3, 2003
What are the prime factors of 935?
5, 11, 17
What are the prime factors of 163489?
17, 59, 163
What are the prime factors of 13955?
5, 2791
List the prime factors of 5831.
7, 17
What are the prime factors of 26905?
5, 5381
List the prime factors of 423.
3, 47
List the prime factors of 9895.
5, 1979
What are the prime factors of 5206?
2, 19, 137
What are the prime factors of 833?
7, 17
List the prime factors of 547.
547
List the prime factors of 3109.
3109
List the prime factors of 1099.
7, 157
What are the prime factors of 1782?
2, 3, 11
List the prime factors of 1908.
2, 3, 53
List the prime factors of 27188.
2, 7, 971
What are the prime factors of 20117?
20117
List the prime factors of 505.
5, 101
List the prime factors of 6288.
2, 3, 131
List the prime factors of 17643.
3, 5881
List the prime factors of 13122.
2, 3
List the prime factors of 2409.
3, 11, 73
What are the prime factors of 37638?
2, 3, 17, 41
List the prime factors of 65254.
2, 7, 59, 79
List the prime factors of 1577.
19, 83
List the prime factors of 1403.
23, 61
What are the prime factors of 4699?
37, 127
What are the prime factors of 2842?
2, 7, 29
What are the prime factors of 242?
2, 11
List the prime factors of 3916.
2, 11, 89
What are the prime factors of 1176?
2, 3, 7
What are the prime factors of 30565?
5, 6113
List the prime factors of 30770.
2, 5, 17, 181
What are the prime factors of 8486?
2, 4243
What are the prime factors of 28058?
2, 14029
List the prime factors of 18067.
7, 29, 89
What are the prime factors of 11903?
11903
What are the prime factors of 32174?
2, 16087
List the prime factors of 2936.
2, 367
What are the prime factors of 20573?
7, 2939
What are the prime factors of 8672?
2, 271
List the prime factors of 7155.
3, 5, 53
What are the prime factors of 1055?
5, 211
List the prime factors of 1107.
3, 41
List the prime factors of 17127.
3, 11, 173
List the prime factors of 1193.
1193
What are the prime factors of 252?
2, 3, 7
List the prime factors of 34301.
34301
List the prime factors of 772.
2, 193
List the prime factors of 728.
2, 7, 13
List the prime factors of 5633.
43, 131
List the prime factors of 1875.
3, 5
List the prime factors of 2274.
2, 3, 379
What are the prime factors of 74872?
2, 7, 191
List the prime factors of 926.
2, 463
List the prime factors of 441.
3, 7
What are the prime factors of 901?
17, 53
List the prime factors of 356.
2, 89
List the prime factors of 13.
13
List the prime factors of 1822.
2, 911
List the prime factors of 14760.
2, 3, 5, 41
List the prime factors of 23847.
3, 7949
List the prime factors of 18816.
2, 3, 7
What are the prime factors of 4130?
2, 5, 7, 59
What are the prime factors of 115924?
2, 73, 397
What are the prime factors of 1076?
2, 269
List the prime factors of 1554.
2, 3, 7, 37
List the prime factors of 9972.
2, 3, 277
What are the prime factors of 3137?
3137
What are the prime factors of 728?
2, 7, 13
What are the prime factors of 18323?
73, 251
What are the prime factors of 6976?
2, 109
List the prime factors of 191475.
3, 5, 23, 37
List the prime factors of 1081.
23, 47
List the prime factors of 744.
2, 3, 31
List the prime factors of 64581.
3, 11, 19, 103
List the prime factors of 629.
17, 37
List the prime factors of 67350.
2, 3, 5, 449
List the prime factors of 13885.
5, 2777
List the prime factors of 20235.
3, 5, 19, 71
What are the prime factors of 7359?
3, 11, 223
List the prime factors of 7769.
17, 457
List the prime factors of 1292.
2, 17, 19
List the prime factors of 15853.
83, 191
What are the prime factors of 835?
5, 167
List the prime factors of 470.
2, 5, 47
What are the prime factors of 6440?
2, 5, 7, 23
What are the prime factors of 1129?
1129
List the prime factors of 11671.
11, 1061
List the prime factors of 8422.
2, 4211
What are the prime factors of 45913?
7, 937
What are the prime factors of 12678?
2, 3, 2113
List the prime factors of 531.
3, 59
List the prime factors of 2622.
2, 3, 19, 23
What are the prime factors of 24479?
7, 13, 269
What are the prime factors of 54650?
2, 5, 1093
What are the prime factors of 12168?
2, 3, 13
What are the prime factors of 80893?
41, 1973
List the prime factors of 1359.
3, 151
What are the prime factors of 1934?
2, 967
List the prime factors of 1557.
3, 173
List the prime factors of 12111.
3, 11, 367
List the prime factors of 1706.
2, 853
List the prime factors of 5107.
5107
List the prime factors of 1611.
3, 179
What are the prime factors of 56212?
2, 13, 23, 47
What are the prime factors of 1900?
2, 5, 19
List the prime factors of 43750.
2, 5, 7
List the prime factors of 5344.
2, 167
What are the prime factors of 3000?
2, 3, 5
What are the prime factors of 1757?
7, 251
What are the prime factors of 22605?
3, 5, 11, 137
What are the prime factors of 119350?
2, 5, 7, 11, 31
List the prime factors of 4096.
2
What are the prime factors of 13226?
2, 17, 389
What are the prime factors of 264?
2, 3, 11
List the prime factors of 20469.
3, 6823